are the prime factors of c?
13
Let r = -216 - -341. Suppose 2*l = -3*l + 30. Suppose l*g - 169 = r. List the prime factors of g.
7
Let r = -6 - 0. Let s(z) be the third derivative of z**5/30 + z**4/3 - z**3/6 - 4*z**2. List the prime factors of s(r).
23
Suppose 6*v - 4*c = v + 31, 0 = -3*v + 3*c + 21. Suppose -2*n - 972 = p, 15 = -3*p + v. What are the prime factors of (n/(-110))/(4/10)?
11
What are the prime factors of (1108 - -18)/((-1)/((-1)/2))?
563
Let b = -7 + 12. Suppose -4*n = -b*a + 42, 2*a + a = 4*n + 38. What are the prime factors of 1/((-1)/n) + 1?
3
Suppose t - 5*x + 307 = 3*t, 0 = -t - x + 155. Suppose -7*h + 5*h = -t. List the prime factors of h.
2, 3, 13
Suppose -418 = 111*k - 133*k. List the prime factors of k.
19
Let o be -10*((-6)/15 - -1). Let q(g) = -43*g - 6. List the prime factors of q(o).
2, 3, 7
Let m be (-1294)/(-22) + 10/55. Let f = 127 - m. Let b = -41 + f. What are the prime factors of b?
3
Let l = -365 + 815. List the prime factors of l.
2, 3, 5
What are the prime factors of -3 - 1 - -9 - (-4051 + 12)?
2, 3, 337
Suppose -k - 2595 = -3*l - 466, 5*k - 2117 = -3*l. List the prime factors of l.
709
Let w = -283 + 501. Suppose w = 5*m + v - 12, -2*m + 114 = -4*v. What are the prime factors of m?
47
Suppose -2141 = -2*w - 4*m + 159, -4*w = 3*m - 4610. List the prime factors of w.
2, 577
Let z = 26 + -26. Suppose c + z*c = 228. List the prime factors of c.
2, 3, 19
Let f(c) = -8*c - 22. Let p be f(6). List the prime factors of p/(-28)*(3 + 1).
2, 5
Suppose -3*f + 17 + 1 = 0. List the prime factors of 0 + f - (0 - 1).
7
Suppose q + 0*q = -3*g + 8, 0 = -3*q - 3. Suppose g*t = -393 + 132. Let o = t - -136. What are the prime factors of o?
7
Let s = -15 + 25. Suppose -p + s = -10. List the prime factors of p.
2, 5
Suppose n = 5*l - 20, -49 = 4*n - 2*l - 5. What are the prime factors of -1*(2 - n/(-2)) + 185?
2, 47
Suppose -a + 2*a + 6344 = 2*p, -4*p + 12688 = -4*a. List the prime factors of p.
2, 13, 61
Suppose -o = 30*o - 49104. List the prime factors of o.
2, 3, 11
Let i be (1 - 2/(-4))*2. Let x(d) = -3*d - 72. Let q be x(-16). What are the prime factors of (-1 - q)/(-2 + i)?
23
Suppose -2*l + 2*x = -0*l - 142, 0 = -2*l + x + 137. Suppose -w - l = -4*w. Suppose -5*g = -d + 14, 5*d = -g + w + 48. What are the prime factors of d?
2, 7
Let b be -1 - (6/(-9) + (-1065)/9). Suppose 29 = 3*r - b. List the prime factors of r.
7
Let c be 17/(-34) - (-18)/4. Suppose -c*p + 240 = -p. List the prime factors of p.
2, 5
What are the prime factors of (1 - 3251 - 1)/(215 - 216)?
3251
Let d be (1 + -11)/((-10)/100). Suppose d + 575 = 3*o. Suppose -b - f + 0*f = -63, 4*b = 5*f + o. List the prime factors of b.
2, 3, 5
Let m(n) = -8*n**3 + n**2. Let t = -5 - -7. Let k be m(t). Let i = -36 - k. What are the prime factors of i?
2, 3
List the prime factors of (-168)/294 - (-669)/7.
5, 19
Let x(l) = 5*l**2. Let a be x(4). Let r = a + -17. Suppose 8*f - 5*f = r. What are the prime factors of f?
3, 7
Let u(n) = -n**3 + 7*n**2 + 8*n + 5. Let v be u(8). Suppose -4*f - 4*x + 104 = -2*f, v*x + 122 = 2*f. List the prime factors of f.
2, 7
Let m be 18*(-7)/(2/(-2)). Let q be -22 + 29 - (4 + 1). Suppose 5*k = 5*r - 3*r - 122, 4*k + m = q*r. List the prime factors of r.
71
Suppose 2*h - 5*c = -3*h + 510, 189 = 2*h - 5*c. List the prime factors of h.
107
Let k(i) = 12*i**2 - 11*i**2 - i**2 + i + 5*i**2. Let q be 3*(-12)/(-9) + -1. What are the prime factors of k(q)?
2, 3
Suppose 4*m + 116 = 2*u, 2*m + 3*u + 105 = -m. Let q = m + 31. List the prime factors of -3 + (-62)/(-2 + q).
2, 7
Suppose -146 = -6*u + 64. Suppose -2*l + 161 - u = 0. What are the prime factors of l?
3, 7
Let q(t) = 64*t - 188. What are the prime factors of q(16)?
2, 11, 19
Let n = -32 - -30. What are the prime factors of ((-3)/n)/((-5)/(-10))?
3
Suppose -3*n = 2*b - 361, -4*n + 16 = -2*b + 356. Suppose -3*q - 155 = -2*c, -2*q + 6*q - b = -2*c. Suppose -4*k + 2 = -c. What are the prime factors of k?
3, 7
Let y = 41 - -37. Let m = y + -21. List the prime factors of m.
3, 19
Suppose 3*v + 258 = -2*m + 3*m, -v + 5*m - 72 = 0. Let b = -58 - v. Let y = b + -14. What are the prime factors of y?
3, 5
Let h = -36 + 481. List the prime factors of h.
5, 89
Suppose -5*g + 20 = -4*b, -12*b + 10*b = -3*g + 8. List the prime factors of ((-4)/b - (-54)/15) + 152.
2, 3, 13
Let s(m) = m**2 + 30*m + 1690. List the prime factors of s(0).
2, 5, 13
What are the prime factors of 4/((-36)/198 - (-3232)/17534)?
2, 797
Let x be 2 - 929 - (3 - 1). What are the prime factors of x/(-7) - (2 - 16/7)?
7, 19
Let b be (-104)/(-10) - (-4)/(-10). Let n(l) be the first derivative of l**2/2 - 8*l + 137. What are the prime factors of n(b)?
2
Suppose 5*w = -2*g + 7336, 4*w - 13*g = -9*g + 5880. What are the prime factors of w?
2, 367
List the prime factors of 41*((19 - -5) + -7).
17, 41
What are the prime factors of (-24)/(-32) + 5738/8?
2, 359
Suppose 86 = 3*x - 2*x - 4*n, 0 = 4*x + 2*n - 398. Suppose -i - 3*s + x = -6*s, -3*i + 282 = 3*s. List the prime factors of i.
5, 19
Suppose 134 = 19*i + 1274. Let j = 331 + i. What are the prime factors of j?
271
Suppose 0 = -4*p - 9 + 29. Suppose -5*v = -4*i + 5, 4*v = -2*i + p*i - 4. Suppose 4*q = -i*q + 80. List the prime factors of q.
2, 5
Let x(j) be the second derivative of -j**3/2 - 3*j**2/2 - 2*j. Let l be x(-2). Suppose 39 = l*n - 45. List the prime factors of n.
2, 7
Suppose -119 = -5*w + 2*h, 0 = 4*w - 4*h + 42 - 142. Suppose -4*i = 2*p + 6, 2*i + 2*p + w = -3*p. List the prime factors of (i - 8/2)*-12.
2, 3
Let m(w) = -3*w - 4. Let g be m(-3). Suppose -g*d = 42 + 23. Let c(x) = x**3 + 12*x**2 - 17*x - 5. List the prime factors of c(d).
47
Suppose -d - d = 6, 0 = 4*c - 2*d - 526. Suppose 7*l - c = 605. Suppose -6*k = -l - 33. What are the prime factors of k?
23
Suppose -216 = -2*x - 5*f, -4*x + 0*f + 4*f + 460 = 0. List the prime factors of x.
113
Suppose 3*j - y = 871 - 13, 3*j - 852 = -y. Suppose -g + j = 4*g. List the prime factors of g.
3, 19
Let u = -203 + 365. Suppose 0 = 5*n + 4*q - u, 0*n - 2*n + 58 = 5*q. List the prime factors of n.
2, 17
Let m be (-8 - -1)*80/(-4). Let i be (m/(-16))/(-5)*20. Suppose 4*u + u - i = 0. What are the prime factors of u?
7
Suppose -h = 3*f - 12, 4*h = -6*f + 3*f + 12. Suppose -u - 2*q + 48 = h, -6*q + q + 143 = 3*u. What are the prime factors of u?
2, 23
Let l(t) = 25*t + 2. Let u(q) = 3*q. Let s be u(1). List the prime factors of l(s).
7, 11
Suppose 2*v - 2 = 3*y + 7, 2*v + 26 = -4*y. Let f(j) be the second derivative of j**4/3 + 2*j**3/3 - j**2/2 - 6*j. List the prime factors of f(v).
23
Suppose -3*h = -8*h + 50. Let o(i) = 2*i**2 - 3*i**2 + h*i - 204 + 213. List the prime factors of o(10).
3
Let p be 20/60 + 1/(-3). Suppose 6*o - 61 - 293 = p. What are the prime factors of o?
59
Let c = 9852 - 5684. What are the prime factors of c?
2, 521
Suppose 3*x + 5*v - 7 = 0, 5*x - 28 + 3 = 5*v. Let f be x*5/2*16. Suppose 4*g - f = -g. What are the prime factors of g?
2
Suppose 0 = -5*c + 5*p + 5255, -2*c + 21*p = 17*p - 2096. What are the prime factors of c?
2, 17, 31
Let g(h) = -9*h - 19 + 53 - 26 - 22. What are the prime factors of g(-4)?
2, 11
Suppose -4*g = 3*y - 1, g = 6*g + y - 15. List the prime factors of 119 + (g - 0/5).
3, 41
Suppose 0 = v - 4*q - 5 - 22, 192 = 5*v - q. Let u(y) = -1 - 1 + 6*y - y**3 - 32*y**2 + v*y**2 + 2*y**3. List the prime factors of u(-5).
2, 3
Suppose w + 1 = q, -5*q = -4*q - 1. Let r be (0 + -7)*(-18)/7. Suppose o - r + 1 = w. List the prime factors of o.
17
Let n be 4/5*(-30 - -10). Let b be (-49)/2*n/28. What are the prime factors of 20/70 + 696/b?
2, 5
Let q be (-1)/(4 - 38/10). What are the prime factors of (4 + 132/(-15))*q?
2, 3
What are the prime factors of -1*(-413)/35*-3*-15?
3, 59
Suppose -3*s + 2 + 217 = 0. Suppose -95 = 4*d - 3*u + s, -3*d - 97 = 5*u. Let o = d - -77. What are the prime factors of o?
2, 19
Let b(x) = x**2 + 5*x - 24. Let n be b(-7). Let s(i) = -10*i - 21. What are the prime factors of s(n)?
79
Suppose -3*a = -2*y + 1 + 10, 0 = -3*a - 3*y - 21. Let n be (-629)/(-3) - (-1)/3. What are the prime factors of -4 - n/(25/a)?
2, 19
Suppose 12*b - 36*b = -11832. What are the prime factors of b?
17, 29
Suppose 9*d = 4319 + 11143. What are the prime factors of d?
2, 859
Let v(q) = -90